ime factors of h.
2, 3
Let t = -212 + 462. What are the prime factors of t?
2, 5
Let n = -106 - -191. Suppose 0*u = 5*u - n. List the prime factors of u.
17
Let v(t) = -t**3 + 6*t**2 - 9*t + 6. Let i be v(6). Let j = i - -71. What are the prime factors of j?
23
Let z be (2 + -80)/(4 - 3). Let w = 113 + z. List the prime factors of w.
5, 7
Suppose -15 = 5*q, 20 = 2*t + 5*q + 5. List the prime factors of t.
3, 5
Let d = -16 + 10. Suppose 2*n + 4*l = 7*n - 9, -30 = -2*n - 5*l. Let g = n - d. What are the prime factors of g?
11
Let y be (-18)/(-4) + 9/(-6). Suppose q + q = y*l + 8, 4*l - 8 = -2*q. Let r(o) = o**3 + 7. List the prime factors of r(l).
7
Let v be (3/(-3))/(-2)*0. Let a be 6*(1/2 + v). Suppose -3*m + 4*n + 41 = 0, 0 = m + 4*m - a*n - 50. What are the prime factors of m?
7
Let h = 66 - 41. Suppose 5*j - 2*n = 56, -5*n - h = -3*j + 2*j. What are the prime factors of j?
2, 5
Suppose 4*b - 80 = -2*u, -3*u + 5*b = -u - 116. List the prime factors of u.
2, 3
Let p be 1/(-4) - (-219)/12. Suppose -g + 5*y + p + 14 = 0, -5*g + 64 = -y. List the prime factors of g.
2, 3
Suppose -9*w - 398 = -11*w. What are the prime factors of w?
199
Let r(k) = k**3 + 6*k**2 - 4*k - 5. List the prime factors of r(-5).
2, 5
Suppose 0 = 3*o + 5*y - 36, 2*o - 3*y + y - 8 = 0. List the prime factors of o.
7
Let y be 420/54 - (-6)/27. List the prime factors of (8/10)/(y/340).
2, 17
Let c(a) = a**2 + 10*a - 14. What are the prime factors of c(-12)?
2, 5
Let t(j) = j**3 - 9*j**2 - 9*j + 1. Let r(o) be the second derivative of o**3/2 + o**2/2 + 4*o. Let f be r(3). What are the prime factors of t(f)?
11
Let o(x) be the second derivative of x**4/12 - x**3/2 - 7*x**2/2 + 3*x. List the prime factors of o(6).
11
Let d(a) = -a**2 + 8*a + 3. Let x be d(8). Suppose -w - 3 = -5*b + 71, 44 = 4*b + x*w. What are the prime factors of b?
2, 7
What are the prime factors of 20/6*(-18)/(-5)?
2, 3
Let x(a) = a**3 - a**2 - a - 2. What are the prime factors of x(3)?
13
Let s(t) = -t**3 + 11*t**2 + 16*t - 3. What are the prime factors of s(12)?
3, 5
Suppose 0 = 4*n - 15 - 5. Suppose -l + n*r - 6 = -30, -3*l + 60 = -3*r. Suppose -v = 4, -2*o + 4*v + 55 - l = 0. What are the prime factors of o?
2, 5
Let x(h) = -h**3 + 2*h**2. Let s be x(2). Suppose s*y = 5*n - 4*y - 21, -n = 5*y - 10. Let u = n + 4. What are the prime factors of u?
3
List the prime factors of 6/(-9) - (-2924)/12.
3
Let g(y) = -4*y**2 + 5*y - 2. Let p(i) = i**2 - 1. Let o(v) = g(v) + 5*p(v). What are the prime factors of o(-8)?
17
Suppose 4*q - 2*a - 4 = 0, 0*a - a = 4*q + 2. Suppose q = o - 2, 3*p = -4*o - 0*o + 23. List the prime factors of p.
5
Suppose -2*c + 5*i = 3*c + 165, 0 = -2*c - 4*i - 54. Let k = c - -85. List the prime factors of k.
2, 3
Let u = 386 + -265. List the prime factors of u.
11
Suppose -4*f - 3*a = -12, 2*a - 9 = -3*f - a. Suppose 2*l = -2*x + f*l - 8, x - 3*l = -14. Let p = x + 11. What are the prime factors of p?
3
Let c(n) = -n**3 + 7*n**2 + n + 6. Let z(x) = -x**2 - 5*x + 8. Let k be z(-6). Suppose -q + k*p - 1 = 0, -4*p + 3 - 8 = -3*q. List the prime factors of c(q).
13
Suppose -34*p + 31*p + 3 = 0. Let k = p - -13. What are the prime factors of k?
2, 7
Let f(q) = 14*q + 2. Let b be f(-5). Let c = 115 + b. Suppose -x = a + 4*a - 51, -5*a - 2*x + c = 0. List the prime factors of a.
11
What are the prime factors of (32/4 - 4) + 34 + -2?
2, 3
Suppose 5*k - 636 + 121 = 0. What are the prime factors of k?
103
Let j(m) = -m - 3. Let n be j(-5). Suppose -10 = n*s - 3*s. List the prime factors of s.
2, 5
Suppose 7*w + 94 = 3*q + 3*w, -3*q - 5*w = -139. What are the prime factors of q?
2, 19
Suppose 3*r = -2*l - 0 - 4, l + 4*r - 3 = 0. Let b be (-249)/(-15) - 2/l. Suppose c = 5*z - b, c + 29 = 4*c + z. What are the prime factors of c?
2
Let v be (-21)/(-15) - 3/(-5). List the prime factors of ((-5)/(-10))/(v/52).
13
Let m(h) = -h + 9. Let t be m(7). Suppose -j + 18 = t*j. List the prime factors of j.
2, 3
Let j = 9 + -5. Let h(d) = -d**3 + 5*d**2 - 4*d + 3. Let i be h(j). Suppose 0 = 5*u - 8*z + i*z - 65, -5*u - 3*z = -89. List the prime factors of u.
2
Let p = 19 + -13. Suppose -4*n + 2*n = 4*q - p, 5*q = 5*n. List the prime factors of (4/q)/(1/2).
2
Suppose 5*w - 14*w = -540. What are the prime factors of w?
2, 3, 5
Let c = 0 - -3. List the prime factors of c.
3
Suppose 3 = -2*x - 2*b + 9, 0 = 3*x - 4*b - 2. Suppose a - 12 = -3*o + 4, 0 = -a + x*o - 4. What are the prime factors of a?
2
Let f(w) be the second derivative of w**3/2 - 2*w. Let p be f(5). Let h = 23 - p. List the prime factors of h.
2
Suppose -5*c = 4*s - 128, 5*c - 190 + 30 = -5*s. What are the prime factors of s?
2
Let r = -6 - -9. What are the prime factors of r?
3
Let k(z) = z**2 + 3*z - 5. Let q(l) = -2*l + 5. Let i be q(5). What are the prime factors of k(i)?
5
Suppose -6*h + 3*h + 4*s + 18 = 0, 5*h + 5*s = 30. Suppose -z + m + 26 = 0, -h*m + 3*m + 6 = 0. What are the prime factors of z?
2, 7
Let w = 12 + 6. What are the prime factors of w?
2, 3
Let o = 79 - 71. List the prime factors of o.
2
Let d(g) = -18*g - 67. Let s(r) = -6*r - 22. Let t(c) = -2*d(c) + 7*s(c). List the prime factors of t(-7).
2, 11
Suppose 5*p + 50 = 550. What are the prime factors of p?
2, 5
Let v be (10/(-3))/(16/(-24)). Suppose -v*i + 21 = -2*i. What are the prime factors of i?
7
Suppose 5*a + 3*n + n - 109 = 0, -2*n + 92 = 4*a. List the prime factors of a.
5
Let z(g) = g**3 + 7*g**2 - 7*g + 10. Let d be z(-8). Suppose 5*o = -3*k + 5, 0 = -o + 4*k - 6 + 30. Let j = d + o. List the prime factors of j.
2, 3
Let v = -12 - -16. What are the prime factors of 2/(-4) + 102/v?
5
Let a(i) = -i + 12. Let y be -4 - -2 - (-40)/(-4). List the prime factors of a(y).
2, 3
Let c = -14 + 6. Let p(n) = n + 17. List the prime factors of p(c).
3
What are the prime factors of ((-46)/8*-2)/(2/20)?
5, 23
Suppose 0 = -9*s + 122 + 76. What are the prime factors of s?
2, 11
Suppose -2*y - 7 - 3 = 0. Let m(l) = -10*l**2 - 31*l - 5. Let h(g) = -3*g**2 - 10*g - 2. Let z(p) = 7*h(p) - 2*m(p). What are the prime factors of z(y)?
11
Let c = 11 - 8. Suppose 2*j = -5*l + c*j + 14, -6 = l + 2*j. Suppose 0 = -2*f + 5*f + 3*a - 15, -2*a - 2 = -l*f. What are the prime factors of f?
3
Suppose a + 4 = 4*k - 44, 3*a - 12 = 0. List the prime factors of k.
13
List the prime factors of ((-3)/12)/(738/(-184) - -4).
23
Let d(i) = -2 + 6*i + 12 - 1 - i**2. Let q be d(7). Suppose q*z - 30 = -4*r, -6 = -r + z + 3. What are the prime factors of r?
2
Let f(h) = h**2 - 2*h + 6. List the prime factors of f(-4).
2, 3, 5
Let q = 9 + -7. What are the prime factors of (-195)/(-10) - 1/q?
19
Suppose 2 = t - 3. Suppose -t*n = -2 - 13. Suppose n*c + 2*l = l + 36, c - 12 = -4*l. List the prime factors of c.
2, 3
What are the prime factors of -2 + 232 - (-4)/(-1)?
2, 113
List the prime factors of (142/10 + (3 - 4))*5.
2, 3, 11
Suppose 0 = -2*a + p - 86 + 677, 5*p + 869 = 3*a. List the prime factors of a.
2, 149
Let v(r) = r**2 - 4*r - 3. Let d(x) = -x - 6. Let o be d(-11). What are the prime factors of v(o)?
2
Let y be (6 - 3) + 6/3. Suppose -2*z = y*u - 38, -4*z + 0*u = u - 94. What are the prime factors of z?
2, 3
Let r = 382 + -244. List the prime factors of r.
2, 3, 23
Suppose -4*m + 2*j = 32, 5*m - 2*j + 40 = j. Let l = m - -25. What are the prime factors of l?
17
Let f = 123 - -22. What are the prime factors of f?
5, 29
Let i(u) be the third derivative of 1/15*u**5 + 0*u**4 + 0 + u**2 + 0*u - 1/6*u**3. List the prime factors of i(1).
3
Let k(n) = n**2 - 2*n - 1. List the prime factors of k(-9).
2, 7
What are the prime factors of 8/2 + (9 - 11)?
2
Let d = -132 + 256. List the prime factors of d.
2, 31
Suppose -5*v + 4*l + 225 = 0, -4*v - l - 10 = -190. Suppose 5*c = 2*j - 75, j - 7*c = -3*c + v. Let k = j - 14. What are the prime factors of k?
11
Suppose -t - 3*t + 8 = -3*o, 4*o + 4*t = 8. Let r be -1*(o - -2)*-2. What are the prime factors of (-3 + r)/((-1)/(-2))?
2
Suppose 0*j - 2*j = -4*t + 46, 33 = 3*t - j. Let o = t + -1. List the prime factors of o.
3
Suppose 2*w + 9 = -15. Let o be -3 - (-2)/(-4)*4. Let y = o - w. List the prime factors of y.
7
Let q(b) = 2*b**2 - 8*b - 1. Let g be q(6). Suppose 5*l = 2*f + g, -2*f = -l + 13 - 2. Let z = 5 - l. List the prime factors of z.
2
Let z be (-4)/(-14) + 76/28. S